{"id":182,"date":"2021-08-20T12:59:49","date_gmt":"2021-08-20T12:59:49","guid":{"rendered":"http:\/\/localhost\/rm\/wordpress\/?page_id=182"},"modified":"2022-08-17T12:14:30","modified_gmt":"2022-08-17T12:14:30","slug":"formulario-registro","status":"publish","type":"page","link":"https:\/\/www.fundacionhechoenbolivia.com\/redmarcas\/formulario-registro\/","title":{"rendered":"formulario registro"},"content":{"rendered":"\t\t<div data-elementor-type=\"wp-page\" data-elementor-id=\"182\" class=\"elementor elementor-182\" data-elementor-settings=\"[]\">\n\t\t\t\t\t\t\t<div class=\"elementor-section-wrap\">\n\t\t\t\t\t\t\t<header class=\"elementor-section elementor-top-section elementor-element elementor-element-0cd8535 elementor-section-full_width elementor-section-height-min-height elementor-section-items-top elementor-section-height-default\" data-id=\"0cd8535\" data-element_type=\"section\" data-settings=\"{&quot;background_background&quot;:&quot;slideshow&quot;,&quot;background_slideshow_ken_burns&quot;:&quot;yes&quot;,&quot;background_slideshow_gallery&quot;:[],&quot;background_slideshow_loop&quot;:&quot;yes&quot;,&quot;background_slideshow_slide_duration&quot;:5000,&quot;background_slideshow_slide_transition&quot;:&quot;fade&quot;,&quot;background_slideshow_transition_duration&quot;:500,&quot;background_slideshow_ken_burns_zoom_direction&quot;:&quot;in&quot;}\">\n\t\t\t\t\t\t<div class=\"elementor-container elementor-column-gap-default\">\n\t\t\t\t\t<div class=\"elementor-column elementor-col-100 elementor-top-column elementor-element elementor-element-ccae296\" data-id=\"ccae296\" data-element_type=\"column\">\n\t\t\t<div class=\"elementor-widget-wrap elementor-element-populated\">\n\t\t\t\t\t\t\t\t<div class=\"elementor-element elementor-element-60c278f elementor-widget elementor-widget-image-carousel\" data-id=\"60c278f\" data-element_type=\"widget\" data-settings=\"{&quot;slides_to_show&quot;:&quot;1&quot;,&quot;navigation&quot;:&quot;none&quot;,&quot;autoplay&quot;:&quot;yes&quot;,&quot;pause_on_hover&quot;:&quot;yes&quot;,&quot;pause_on_interaction&quot;:&quot;yes&quot;,&quot;autoplay_speed&quot;:5000,&quot;infinite&quot;:&quot;yes&quot;,&quot;effect&quot;:&quot;slide&quot;,&quot;speed&quot;:500}\" data-widget_type=\"image-carousel.default\">\n\t\t\t\t<div class=\"elementor-widget-container\">\n\t\t\t\t\t<div class=\"elementor-image-carousel-wrapper swiper-container\" dir=\"ltr\">\n\t\t\t<div class=\"elementor-image-carousel swiper-wrapper\">\n\t\t\t\t\t\t\t\t<div class=\"swiper-slide\"><figure class=\"swiper-slide-inner\"><img decoding=\"async\" class=\"swiper-slide-image\" src=\"https:\/\/www.fundacionhechoenbolivia.com\/redmarcas\/wp-content\/uploads\/2021\/11\/4.jpg\" alt=\"4\" \/><\/figure><\/div><div class=\"swiper-slide\"><figure class=\"swiper-slide-inner\"><img decoding=\"async\" class=\"swiper-slide-image\" src=\"https:\/\/www.fundacionhechoenbolivia.com\/redmarcas\/wp-content\/uploads\/2021\/11\/6-4.jpg\" alt=\"6\" \/><\/figure><\/div>\t\t\t<\/div>\n\t\t\t\t\t\t\t\t\t\t\t\t\t\t\t\t<\/div>\n\t\t\t\t<\/div>\n\t\t\t\t<\/div>\n\t\t\t\t\t<\/div>\n\t\t<\/div>\n\t\t\t\t\t\t\t<\/div>\n\t\t<\/header>\n\t\t\t\t<section class=\"elementor-section elementor-top-section elementor-element elementor-element-574838f elementor-section-full_width elementor-section-height-default elementor-section-height-default\" data-id=\"574838f\" data-element_type=\"section\">\n\t\t\t\t\t\t<div class=\"elementor-container elementor-column-gap-default\">\n\t\t\t\t\t<div class=\"elementor-column elementor-col-100 elementor-top-column elementor-element elementor-element-44a56a5\" data-id=\"44a56a5\" data-element_type=\"column\">\n\t\t\t<div class=\"elementor-widget-wrap elementor-element-populated\">\n\t\t\t\t\t\t\t\t<div class=\"elementor-element elementor-element-be2083f hfe-nav-menu__align-center hfe-nav-menu__breakpoint-none hfe-submenu-icon-classic hfe-submenu-animation-none hfe-link-redirect-child elementor-widget elementor-widget-navigation-menu\" data-id=\"be2083f\" data-element_type=\"widget\" data-widget_type=\"navigation-menu.default\">\n\t\t\t\t<div class=\"elementor-widget-container\">\n\t\t\t\t\t\t<div class=\"hfe-nav-menu hfe-layout-horizontal hfe-nav-menu-layout horizontal hfe-pointer__double-line hfe-animation__fade\" data-layout=\"horizontal\">\n\t\t\t\t<div class=\"hfe-nav-menu__toggle elementor-clickable\">\n\t\t\t\t\t<div class=\"hfe-nav-menu-icon\">\n\t\t\t\t\t\t\t\t\t\t\t<\/div>\n\t\t\t\t<\/div>\n\t\t\t\t<nav class=\"hfe-nav-menu__layout-horizontal hfe-nav-menu__submenu-classic\" data-toggle-icon=\"\" data-close-icon=\"\" data-full-width=\"\"><ul id=\"menu-1-be2083f\" class=\"hfe-nav-menu\"><li id=\"menu-item-39\" class=\"menu-item menu-item-type-custom menu-item-object-custom menu-item-home parent hfe-creative-menu\"><a href=\"http:\/\/www.fundacionhechoenbolivia.com\/redmarcas\/\" class = \"hfe-menu-item\">INICIO<\/a><\/li>\n<li id=\"menu-item-40\" class=\"menu-item menu-item-type-custom menu-item-object-custom parent hfe-creative-menu\"><a href=\"http:\/\/www.fundacionhechoenbolivia.com\/redmarcas\/la-fundacion\/\" class = \"hfe-menu-item\">LA FUNDACI\u00d3N<\/a><\/li>\n<li id=\"menu-item-41\" class=\"menu-item menu-item-type-custom menu-item-object-custom parent hfe-creative-menu\"><a href=\"http:\/\/www.fundacionhechoenbolivia.com\/redmarcas\/objetivos-de-la-red\/\" class = \"hfe-menu-item\">OBJETIVOS DE LA RED<\/a><\/li>\n<li id=\"menu-item-42\" class=\"menu-item menu-item-type-custom menu-item-object-custom parent hfe-creative-menu\"><a href=\"http:\/\/www.fundacionhechoenbolivia.com\/redmarcas\/donaciones-voluntarias\" class = \"hfe-menu-item\">DONACIONES VOLUNTARIAS<\/a><\/li>\n<li id=\"menu-item-43\" class=\"menu-item menu-item-type-custom menu-item-object-custom parent hfe-creative-menu\"><a href=\"http:\/\/www.fundacionhechoenbolivia.com\/redmarcas\/formulario-registro\/\" class = \"hfe-menu-item\">FORM. REGISTRO<\/a><\/li>\n<li id=\"menu-item-44\" class=\"menu-item menu-item-type-custom menu-item-object-custom parent hfe-creative-menu\"><a href=\"http:\/\/www.fundacionhechoenbolivia.com\/redmarcas\/asistencia-tecnica\/\" class = \"hfe-menu-item\">ASISTENCIA TECNICA<\/a><\/li>\n<li id=\"menu-item-45\" class=\"menu-item menu-item-type-custom menu-item-object-custom menu-item-home parent hfe-creative-menu\"><a href=\"http:\/\/www.fundacionhechoenbolivia.com\/redmarcas\/\" class = \"hfe-menu-item\">MARCAS<\/a><\/li>\n<\/ul><\/nav>              \n\t\t\t<\/div>\n\t\t\t\t\t<\/div>\n\t\t\t\t<\/div>\n\t\t\t\t\t<\/div>\n\t\t<\/div>\n\t\t\t\t\t\t\t<\/div>\n\t\t<\/section>\n\t\t\t\t<section class=\"elementor-section elementor-top-section elementor-element elementor-element-2e25895 elementor-section-full_width elementor-section-height-default elementor-section-height-default\" data-id=\"2e25895\" data-element_type=\"section\">\n\t\t\t\t\t\t<div class=\"elementor-container elementor-column-gap-default\">\n\t\t\t\t\t<div class=\"elementor-column elementor-col-100 elementor-top-column elementor-element elementor-element-05ef611\" data-id=\"05ef611\" data-element_type=\"column\">\n\t\t\t<div class=\"elementor-widget-wrap elementor-element-populated\">\n\t\t\t\t\t\t\t\t<section class=\"elementor-section elementor-inner-section elementor-element elementor-element-39436e2 elementor-section-full_width elementor-section-height-min-height elementor-section-content-top elementor-section-height-default\" data-id=\"39436e2\" data-element_type=\"section\">\n\t\t\t\t\t\t<div class=\"elementor-container elementor-column-gap-default\">\n\t\t\t\t\t<div class=\"elementor-column elementor-col-100 elementor-inner-column elementor-element elementor-element-6c643ea\" data-id=\"6c643ea\" data-element_type=\"column\">\n\t\t\t<div class=\"elementor-widget-wrap elementor-element-populated\">\n\t\t\t\t\t\t\t\t<div class=\"elementor-element elementor-element-933b5d6 elementor-widget elementor-widget-heading\" data-id=\"933b5d6\" data-element_type=\"widget\" data-widget_type=\"heading.default\">\n\t\t\t\t<div class=\"elementor-widget-container\">\n\t\t\t<h2 class=\"elementor-heading-title elementor-size-default\">POR FAVOR LLENE SUS DATOS<\/h2>\t\t<\/div>\n\t\t\t\t<\/div>\n\t\t\t\t\t<\/div>\n\t\t<\/div>\n\t\t\t\t\t\t\t<\/div>\n\t\t<\/section>\n\t\t\t\t<section class=\"elementor-section elementor-inner-section elementor-element elementor-element-23ef2cb elementor-section-boxed elementor-section-height-default elementor-section-height-default\" data-id=\"23ef2cb\" data-element_type=\"section\">\n\t\t\t\t\t\t<div class=\"elementor-container elementor-column-gap-default\">\n\t\t\t\t\t<div class=\"elementor-column elementor-col-100 elementor-inner-column elementor-element elementor-element-ae96928\" data-id=\"ae96928\" data-element_type=\"column\">\n\t\t\t<div class=\"elementor-widget-wrap elementor-element-populated\">\n\t\t\t\t\t\t\t\t<div class=\"elementor-element elementor-element-920c8ce eael-contact-form-7-button-align-left eael-contact-form-7-button-custom elementor-widget elementor-widget-eael-contact-form-7\" data-id=\"920c8ce\" data-element_type=\"widget\" data-widget_type=\"eael-contact-form-7.default\">\n\t\t\t\t<div class=\"elementor-widget-container\">\n\t\t\t<div class=\"eael-contact-form-7-wrapper\">\n                <div class=\"eael-contact-form eael-contact-form-7 eael-contact-form-920c8ce placeholder-show eael-contact-form-align-default\"><div role=\"form\" class=\"wpcf7\" id=\"wpcf7-f1607-o1\" lang=\"es-ES\" dir=\"ltr\">\n<div class=\"screen-reader-response\"><p role=\"status\" aria-live=\"polite\" aria-atomic=\"true\"><\/p> <ul><\/ul><\/div>\n<form action=\"\/redmarcas\/wp-json\/wp\/v2\/pages\/182#wpcf7-f1607-o1\" method=\"post\" class=\"wpcf7-form init\" novalidate=\"novalidate\" data-status=\"init\">\n<div style=\"display: none;\">\n<input type=\"hidden\" name=\"_wpcf7\" value=\"1607\" \/>\n<input type=\"hidden\" name=\"_wpcf7_version\" value=\"5.5.2\" \/>\n<input type=\"hidden\" name=\"_wpcf7_locale\" value=\"es_ES\" \/>\n<input type=\"hidden\" name=\"_wpcf7_unit_tag\" value=\"wpcf7-f1607-o1\" \/>\n<input type=\"hidden\" name=\"_wpcf7_container_post\" value=\"0\" \/>\n<input type=\"hidden\" name=\"_wpcf7_posted_data_hash\" value=\"\" \/>\n<\/div>\n<p><label> * Nombre de la empresa o Persona (para facturaci\u00f3n)<br \/>\n    <span class=\"wpcf7-form-control-wrap your-name\"><input type=\"text\" name=\"your-name\" value=\"\" size=\"40\" class=\"wpcf7-form-control wpcf7-text wpcf7-validates-as-required\" aria-required=\"true\" aria-invalid=\"false\" \/><\/span> <\/label><\/p>\n<p><label> Pagina Web y\/o facebook<br \/>\n    <span class=\"wpcf7-form-control-wrap your-face\"><input type=\"text\" name=\"your-face\" value=\"\" size=\"40\" class=\"wpcf7-form-control wpcf7-text wpcf7-validates-as-required\" aria-required=\"true\" aria-invalid=\"false\" \/><\/span> <\/label><\/p>\n<p><label> NIT<br \/>\n    <span class=\"wpcf7-form-control-wrap your-nit\"><input type=\"text\" name=\"your-nit\" value=\"\" size=\"40\" class=\"wpcf7-form-control wpcf7-text wpcf7-validates-as-required\" aria-required=\"true\" aria-invalid=\"false\" \/><\/span> <\/label><\/p>\n<p><label> Direcci\u00f3n<br \/>\n    <span class=\"wpcf7-form-control-wrap your-direccion\"><input type=\"text\" name=\"your-direccion\" value=\"\" size=\"40\" class=\"wpcf7-form-control wpcf7-text wpcf7-validates-as-required\" aria-required=\"true\" aria-invalid=\"false\" \/><\/span> <\/label><\/p>\n<p><label> *Telefono y\/o whatsapp<br \/>\n    <span class=\"wpcf7-form-control-wrap your-telefono\"><input type=\"text\" name=\"your-telefono\" value=\"\" size=\"40\" class=\"wpcf7-form-control wpcf7-text wpcf7-validates-as-required\" aria-required=\"true\" aria-invalid=\"false\" \/><\/span> <\/label><\/p>\n<p><span class=\"wpcf7-form-control-wrap menu-451\"><select name=\"menu-451\" class=\"wpcf7-form-control wpcf7-select\" aria-invalid=\"false\"><option value=\"Cochabamba\">Cochabamba<\/option><option value=\"La Paz\">La Paz<\/option><option value=\"Santa Cruz\">Santa Cruz<\/option><option value=\"Beni\">Beni<\/option><option value=\"Pando\">Pando<\/option><option value=\"Oruro\">Oruro<\/option><option value=\"Potosi\">Potosi<\/option><option value=\"Chuquisaca\">Chuquisaca<\/option><option value=\"Tarija\">Tarija<\/option><\/select><\/span><\/p>\n<p><label> Persona de Contacto<br \/>\n    <span class=\"wpcf7-form-control-wrap your-name\"><input type=\"text\" name=\"your-name\" value=\"\" size=\"40\" class=\"wpcf7-form-control wpcf7-text wpcf7-validates-as-required\" aria-required=\"true\" aria-invalid=\"false\" \/><\/span> <\/label><\/p>\n<p><label> Correo electr\u00f3nico<br \/>\n    <span class=\"wpcf7-form-control-wrap your-email\"><input type=\"email\" name=\"your-email\" value=\"\" size=\"40\" class=\"wpcf7-form-control wpcf7-text wpcf7-email wpcf7-validates-as-required wpcf7-validates-as-email\" aria-required=\"true\" aria-invalid=\"false\" \/><\/span> <\/label><\/p>\n<p><label> Elecci\u00f3n de donaci\u00f3n<\/label><br \/>\n<span class=\"wpcf7-form-control-wrap radio-134\"><span class=\"wpcf7-form-control wpcf7-radio\"><span class=\"wpcf7-list-item first\"><label><input type=\"radio\" name=\"radio-134\" value=\"3600 Pixel (Bs 200)\" checked=\"checked\" \/><span class=\"wpcf7-list-item-label\">3600 Pixel (Bs 200)<\/span><\/label><\/span><span class=\"wpcf7-list-item\"><label><input type=\"radio\" name=\"radio-134\" value=\"4900 Pixel (Bs 250)\" \/><span class=\"wpcf7-list-item-label\">4900 Pixel (Bs 250)<\/span><\/label><\/span><span class=\"wpcf7-list-item\"><label><input type=\"radio\" name=\"radio-134\" value=\"6400 Pixel (Bs 300)\" \/><span class=\"wpcf7-list-item-label\">6400 Pixel (Bs 300)<\/span><\/label><\/span><span class=\"wpcf7-list-item\"><label><input type=\"radio\" name=\"radio-134\" value=\"8100 Pixel (Bs 350)\" \/><span class=\"wpcf7-list-item-label\">8100 Pixel (Bs 350)<\/span><\/label><\/span><span class=\"wpcf7-list-item\"><label><input type=\"radio\" name=\"radio-134\" value=\"10000 Pixel (Bs 400)\" \/><span class=\"wpcf7-list-item-label\">10000 Pixel (Bs 400)<\/span><\/label><\/span><span class=\"wpcf7-list-item\"><label><input type=\"radio\" name=\"radio-134\" value=\"12100 Pixel (Bs 450)\" \/><span class=\"wpcf7-list-item-label\">12100 Pixel (Bs 450)<\/span><\/label><\/span><span class=\"wpcf7-list-item\"><label><input type=\"radio\" name=\"radio-134\" value=\"14400 Pixel (Bs 500)\" \/><span class=\"wpcf7-list-item-label\">14400 Pixel (Bs 500)<\/span><\/label><\/span><span class=\"wpcf7-list-item\"><label><input type=\"radio\" name=\"radio-134\" value=\"16900 Pixel (Bs 550)\" \/><span class=\"wpcf7-list-item-label\">16900 Pixel (Bs 550)<\/span><\/label><\/span><span class=\"wpcf7-list-item\"><label><input type=\"radio\" name=\"radio-134\" value=\"19600 Pixel (Bs 600)\" \/><span class=\"wpcf7-list-item-label\">19600 Pixel (Bs 600)<\/span><\/label><\/span><span class=\"wpcf7-list-item\"><label><input type=\"radio\" name=\"radio-134\" value=\"22500 Pixel (Bs 650)\" \/><span class=\"wpcf7-list-item-label\">22500 Pixel (Bs 650)<\/span><\/label><\/span><span class=\"wpcf7-list-item\"><label><input type=\"radio\" name=\"radio-134\" value=\"25600 Pixel (Bs 700)\" \/><span class=\"wpcf7-list-item-label\">25600 Pixel (Bs 700)<\/span><\/label><\/span><span class=\"wpcf7-list-item\"><label><input type=\"radio\" name=\"radio-134\" value=\"28900 Pixel (Bs 750)\" \/><span class=\"wpcf7-list-item-label\">28900 Pixel (Bs 750)<\/span><\/label><\/span><span class=\"wpcf7-list-item\"><label><input type=\"radio\" name=\"radio-134\" value=\"32400 Pixel (Bs 800)\" \/><span class=\"wpcf7-list-item-label\">32400 Pixel (Bs 800)<\/span><\/label><\/span><span class=\"wpcf7-list-item\"><label><input type=\"radio\" name=\"radio-134\" value=\"36100 Pixel (Bs 850)\" \/><span class=\"wpcf7-list-item-label\">36100 Pixel (Bs 850)<\/span><\/label><\/span><span class=\"wpcf7-list-item last\"><label><input type=\"radio\" name=\"radio-134\" value=\"40000 Pixel (Bs 900)\" \/><span class=\"wpcf7-list-item-label\">40000 Pixel (Bs 900)<\/span><\/label><\/span><\/span><\/span> <\/p>\n<p><label> Forma de Pago<\/label><br \/>\n<span class=\"wpcf7-form-control-wrap radio-78\"><span class=\"wpcf7-form-control wpcf7-radio\"><span class=\"wpcf7-list-item first\"><label><input type=\"radio\" name=\"radio-78\" value=\"Deposito bancario: BANCO UNION S.A. Cta. No.10000021869215 Fundaci\u00f3n Hecho en Bolivia NIT: N\u00b0314234022\" checked=\"checked\" \/><span class=\"wpcf7-list-item-label\">Deposito bancario: BANCO UNION S.A. Cta. No.10000021869215 Fundaci\u00f3n Hecho en Bolivia NIT: N\u00b0314234022<\/span><\/label><\/span><span class=\"wpcf7-list-item last\"><label><input type=\"radio\" name=\"radio-78\" value=\"Cheque a nombre de la Fundaci\u00f3n Hecho en Bolivia\" \/><span class=\"wpcf7-list-item-label\">Cheque a nombre de la Fundaci\u00f3n Hecho en Bolivia<\/span><\/label><\/span><\/span><\/span><\/p>\n<p><input type=\"submit\" value=\"Enviar\" class=\"wpcf7-form-control has-spinner wpcf7-submit\" \/><\/p>\n<div class=\"wpcf7-response-output\" aria-hidden=\"true\"><\/div><\/form><\/div><\/div>\n            <\/div>\t\t<\/div>\n\t\t\t\t<\/div>\n\t\t\t\t\t<\/div>\n\t\t<\/div>\n\t\t\t\t\t\t\t<\/div>\n\t\t<\/section>\n\t\t\t\t<section class=\"elementor-section elementor-inner-section elementor-element elementor-element-7539df8 elementor-section-full_width elementor-section-height-default elementor-section-height-default\" data-id=\"7539df8\" data-element_type=\"section\">\n\t\t\t\t\t\t<div class=\"elementor-container elementor-column-gap-default\">\n\t\t\t\t\t<div class=\"elementor-column elementor-col-100 elementor-inner-column elementor-element elementor-element-72aa370\" data-id=\"72aa370\" data-element_type=\"column\">\n\t\t\t<div class=\"elementor-widget-wrap elementor-element-populated\">\n\t\t\t\t\t\t\t\t<div class=\"elementor-element elementor-element-b230e0d elementor-widget elementor-widget-heading\" data-id=\"b230e0d\" data-element_type=\"widget\" data-widget_type=\"heading.default\">\n\t\t\t\t<div class=\"elementor-widget-container\">\n\t\t\t<h2 class=\"elementor-heading-title elementor-size-large\">Nota: Verificando el pago se har\u00e1 llegar a su empresa la factura correspondiente<\/h2>\t\t<\/div>\n\t\t\t\t<\/div>\n\t\t\t\t<div class=\"elementor-element elementor-element-f9648e7 elementor-widget elementor-widget-text-editor\" data-id=\"f9648e7\" data-element_type=\"widget\" data-widget_type=\"text-editor.default\">\n\t\t\t\t<div class=\"elementor-widget-container\">\n\t\t\t\t\t\t\t<h5>Para mayor informaci\u00f3n comunicarse:<\/h5><p>Al whatsapp: 71411888<\/p><p>email: fundacionhechoenbolivia@gmail.com<\/p>\t\t\t\t\t\t<\/div>\n\t\t\t\t<\/div>\n\t\t\t\t\t<\/div>\n\t\t<\/div>\n\t\t\t\t\t\t\t<\/div>\n\t\t<\/section>\n\t\t\t\t\t<\/div>\n\t\t<\/div>\n\t\t\t\t\t\t\t<\/div>\n\t\t<\/section>\n\t\t\t\t<section class=\"elementor-section elementor-top-section elementor-element elementor-element-becb85b elementor-section-full_width elementor-section-height-default elementor-section-height-default\" data-id=\"becb85b\" data-element_type=\"section\" data-settings=\"{&quot;background_background&quot;:&quot;classic&quot;}\">\n\t\t\t\t\t\t<div class=\"elementor-container elementor-column-gap-default\">\n\t\t\t\t\t<div class=\"elementor-column elementor-col-100 elementor-top-column elementor-element elementor-element-b03613c\" data-id=\"b03613c\" data-element_type=\"column\">\n\t\t\t<div class=\"elementor-widget-wrap elementor-element-populated\">\n\t\t\t\t\t\t\t\t<section class=\"elementor-section elementor-inner-section elementor-element elementor-element-52fbb31 elementor-section-full_width elementor-section-height-default elementor-section-height-default\" data-id=\"52fbb31\" data-element_type=\"section\">\n\t\t\t\t\t\t<div class=\"elementor-container elementor-column-gap-default\">\n\t\t\t\t\t<div class=\"elementor-column elementor-col-33 elementor-inner-column elementor-element elementor-element-0c46086\" data-id=\"0c46086\" data-element_type=\"column\">\n\t\t\t<div class=\"elementor-widget-wrap elementor-element-populated\">\n\t\t\t\t\t\t\t\t<div class=\"elementor-element elementor-element-0b86b6a elementor-shape-rounded elementor-grid-0 e-grid-align-center elementor-widget elementor-widget-social-icons\" data-id=\"0b86b6a\" data-element_type=\"widget\" data-widget_type=\"social-icons.default\">\n\t\t\t\t<div class=\"elementor-widget-container\">\n\t\t\t\t\t<div class=\"elementor-social-icons-wrapper elementor-grid\">\n\t\t\t\t\t\t\t<span class=\"elementor-grid-item\">\n\t\t\t\t\t<a class=\"elementor-icon elementor-social-icon elementor-social-icon-facebook elementor-repeater-item-e677392\" href=\"https:\/\/www.facebook.com\/FundacionHechoBolivia\/\" target=\"_blank\">\n\t\t\t\t\t\t<span class=\"elementor-screen-only\">Facebook<\/span>\n\t\t\t\t\t\t<i class=\"fab fa-facebook\"><\/i>\t\t\t\t\t<\/a>\n\t\t\t\t<\/span>\n\t\t\t\t\t\t\t<span class=\"elementor-grid-item\">\n\t\t\t\t\t<a class=\"elementor-icon elementor-social-icon elementor-social-icon-youtube elementor-repeater-item-351e493\" href=\"https:\/\/www.youtube.com\/channel\/UCmrdnziOy67OzB587EJtAdA\" target=\"_blank\">\n\t\t\t\t\t\t<span class=\"elementor-screen-only\">Youtube<\/span>\n\t\t\t\t\t\t<i class=\"fab fa-youtube\"><\/i>\t\t\t\t\t<\/a>\n\t\t\t\t<\/span>\n\t\t\t\t\t<\/div>\n\t\t\t\t<\/div>\n\t\t\t\t<\/div>\n\t\t\t\t<div class=\"elementor-element elementor-element-606724c elementor-widget elementor-widget-counter\" data-id=\"606724c\" data-element_type=\"widget\" data-widget_type=\"counter.default\">\n\t\t\t\t<div class=\"elementor-widget-container\">\n\t\t\t\t\t<div class=\"elementor-counter\">\n\t\t\t<div class=\"elementor-counter-number-wrapper\">\n\t\t\t\t<span class=\"elementor-counter-number-prefix\"><\/span>\n\t\t\t\t<span class=\"elementor-counter-number\" data-duration=\"2000\" data-to-value=\"11657\" data-from-value=\"0\" data-delimiter=\",\">0<\/span>\n\t\t\t\t<span class=\"elementor-counter-number-suffix\"><\/span>\n\t\t\t<\/div>\n\t\t\t\t\t\t\t<div class=\"elementor-counter-title\">Seguidores<\/div>\n\t\t\t\t\t<\/div>\n\t\t\t\t<\/div>\n\t\t\t\t<\/div>\n\t\t\t\t\t<\/div>\n\t\t<\/div>\n\t\t\t\t<div class=\"elementor-column elementor-col-33 elementor-inner-column elementor-element elementor-element-e843db0\" data-id=\"e843db0\" data-element_type=\"column\">\n\t\t\t<div class=\"elementor-widget-wrap elementor-element-populated\">\n\t\t\t\t\t\t\t\t<div class=\"elementor-element elementor-element-75975df elementor-widget elementor-widget-heading\" data-id=\"75975df\" data-element_type=\"widget\" data-widget_type=\"heading.default\">\n\t\t\t\t<div class=\"elementor-widget-container\">\n\t\t\t<h2 class=\"elementor-heading-title elementor-size-medium\">CONTACTENOS: FUNDACI\u00d3N HECHO EN BOLIVIA<\/h2>\t\t<\/div>\n\t\t\t\t<\/div>\n\t\t\t\t<div class=\"elementor-element elementor-element-6b647be elementor-widget elementor-widget-heading\" data-id=\"6b647be\" data-element_type=\"widget\" data-widget_type=\"heading.default\">\n\t\t\t\t<div class=\"elementor-widget-container\">\n\t\t\t<h2 class=\"elementor-heading-title elementor-size-small\">Av. Melchor Urquidi No. 1958, entre Pje. Vega y C. Jos\u00e9 Antonio Rico Toro, Cochabamba<br>\nWhatsApp: 71411888\n<\/h2>\t\t<\/div>\n\t\t\t\t<\/div>\n\t\t\t\t\t<\/div>\n\t\t<\/div>\n\t\t\t\t<div class=\"elementor-column elementor-col-33 elementor-inner-column elementor-element elementor-element-4d502ea\" data-id=\"4d502ea\" data-element_type=\"column\">\n\t\t\t<div class=\"elementor-widget-wrap elementor-element-populated\">\n\t\t\t\t\t\t\t\t<div class=\"elementor-element elementor-element-9dc7277 elementor-widget elementor-widget-heading\" data-id=\"9dc7277\" data-element_type=\"widget\" data-widget_type=\"heading.default\">\n\t\t\t\t<div class=\"elementor-widget-container\">\n\t\t\t<h2 class=\"elementor-heading-title elementor-size-medium\">PARA MAYOR INFORMACI\u00d3N ESCRIBENOS AL:<\/h2>\t\t<\/div>\n\t\t\t\t<\/div>\n\t\t\t\t<div class=\"elementor-element elementor-element-86bf4ca elementor-widget elementor-widget-heading\" data-id=\"86bf4ca\" data-element_type=\"widget\" data-widget_type=\"heading.default\">\n\t\t\t\t<div class=\"elementor-widget-container\">\n\t\t\t<h2 class=\"elementor-heading-title elementor-size-small\">fundacionhechoenbolivia@gmail.com<\/h2>\t\t<\/div>\n\t\t\t\t<\/div>\n\t\t\t\t\t<\/div>\n\t\t<\/div>\n\t\t\t\t\t\t\t<\/div>\n\t\t<\/section>\n\t\t\t\t\t<\/div>\n\t\t<\/div>\n\t\t\t\t\t\t\t<\/div>\n\t\t<\/section>\n\t\t\t\t\t\t<\/div>\n\t\t\t\t\t<\/div>\n\t\t","protected":false},"excerpt":{"rendered":"<p>INICIO LA FUNDACI\u00d3N OBJETIVOS DE LA RED DONACIONES VOLUNTARIAS FORM. REGISTRO ASISTENCIA TECNICA MARCAS POR FAVOR LLENE SUS DATOS * Nombre de la empresa o Persona (para facturaci\u00f3n) Pagina Web y\/o facebook NIT Direcci\u00f3n *Telefono y\/o whatsapp CochabambaLa PazSanta CruzBeniPandoOruroPotosiChuquisacaTarija Persona de Contacto Correo electr\u00f3nico Elecci\u00f3n de donaci\u00f3n 3600 Pixel (Bs 200)4900 Pixel (Bs 250)6400 [&hellip;]<\/p>\n","protected":false},"author":1,"featured_media":0,"parent":0,"menu_order":0,"comment_status":"closed","ping_status":"closed","template":"elementor_canvas","meta":{"footnotes":""},"class_list":["post-182","page","type-page","status-publish","hentry"],"_links":{"self":[{"href":"https:\/\/www.fundacionhechoenbolivia.com\/redmarcas\/wp-json\/wp\/v2\/pages\/182","targetHints":{"allow":["GET"]}}],"collection":[{"href":"https:\/\/www.fundacionhechoenbolivia.com\/redmarcas\/wp-json\/wp\/v2\/pages"}],"about":[{"href":"https:\/\/www.fundacionhechoenbolivia.com\/redmarcas\/wp-json\/wp\/v2\/types\/page"}],"author":[{"embeddable":true,"href":"https:\/\/www.fundacionhechoenbolivia.com\/redmarcas\/wp-json\/wp\/v2\/users\/1"}],"replies":[{"embeddable":true,"href":"https:\/\/www.fundacionhechoenbolivia.com\/redmarcas\/wp-json\/wp\/v2\/comments?post=182"}],"version-history":[{"count":33,"href":"https:\/\/www.fundacionhechoenbolivia.com\/redmarcas\/wp-json\/wp\/v2\/pages\/182\/revisions"}],"predecessor-version":[{"id":3889,"href":"https:\/\/www.fundacionhechoenbolivia.com\/redmarcas\/wp-json\/wp\/v2\/pages\/182\/revisions\/3889"}],"wp:attachment":[{"href":"https:\/\/www.fundacionhechoenbolivia.com\/redmarcas\/wp-json\/wp\/v2\/media?parent=182"}],"curies":[{"name":"wp","href":"https:\/\/api.w.org\/{rel}","templated":true}]}}